 - 5*m. Calculate g(0).
-9
Let i = 21/50 - -2/25. Let r(k) be the first derivative of -k + i*k**2 - 2. Give r(3).
2
Let p = -2 - -6. Let u be -1*(4/2 - 2). Suppose -3*i - p*l = u, i + 3*i + 3*l = 7. Let j(b) = -2*b + 1. Give j(i).
-7
Let g(q) = -4 + q - 5*q + 4*q - q. Determine g(-4).
0
Let b(y) = -y**2 - 5*y - 1. Suppose 0 = -6*z + 3*z + 9. Suppose -3*t - z - 3 = -n, 12 = n - 5*t. What is b(n)?
5
Let u(t) = -t**2 - 6*t - 2. Suppose 2*k - 4*k = -4*l + 52, 5*l - 62 = 4*k. Let c be ((-8)/(-6))/(l/(-63)). Determine u(c).
-2
Let v(x) = -3*x**3 + 8*x**2 - 4*x - 1. Let i(n) = n**3 - n**2 + 1. Let t(r) = 4*i(r) + v(r). Suppose -40 = 4*p - 4*h, -6*h + h + 30 = -p. Calculate t(p).
-2
Let j be -3*((-4)/26 + 11/(-858)). Let s(d) be the second derivative of 1/4*d**4 - 1/3*d**3 - j*d**2 + 0 - d. What is s(2)?
7
Let m(r) = -4*r**3 - 19*r**2 - 18*r - 13. Let u(z) = -3*z**3 - 13*z**2 - 12*z - 9. Let c(y) = -5*m(y) + 7*u(y). Let v = 6 + -1. Determine c(v).
7
Suppose -19*w + 17*w = -6. Let n(a) = -a**3 + 3*a**2 - 2*a - 2. Give n(w).
-8
Let b(q) be the second derivative of -q**5/30 - q**4/6 + q**2 + 2*q. Let z(n) be the first derivative of b(n). What is z(-3)?
-6
Suppose 0*a - 15 = 3*a. Let k(n) = -5*n**2 + 1. Suppose -3*m - m + 16 = 0. Let f(i) = 4*i**2 + i - 2. Let p(y) = m*f(y) + 3*k(y). Determine p(a).
0
Let w be -1*4/4 - -3. Let r(i) be the first derivative of 2 + 4*i + 1/4*i**4 + 5/3*i**3 + 0*i**w. Determine r(-5).
4
Suppose -5*a + 1 + 14 = 0. Let q(h) = h**3 + 10*h + 4. Let b(r) = -r**3 + r**2 - 8*r - 3. Let w(i) = -4*b(i) - 3*q(i). Determine w(a).
-3
Let q be (2 - 4 - -6) + 3. Let j(d) = d**2 - 7*d - 5. Determine j(q).
-5
Let y(p) be the first derivative of -1/6*p**3 + 0*p - 3 + p**2 + 1/24*p**4. Let m(g) be the second derivative of y(g). Give m(-1).
-2
Let b(m) = -m**2 - 5*m + 2. Suppose -4*t + 3*c = -c + 32, -t + 12 = 4*c. Give b(t).
6
Let u = 15 - 0. Suppose -5*y - u + 40 = 0. Let a(p) = -p**3 + 4*p**2 + 4*p + 4. Give a(y).
-1
Let w(k) be the third derivative of 0*k + 0 + 4*k**2 + 1/3*k**3 - 1/24*k**4. Determine w(3).
-1
Let t(v) = v + 6. Suppose -2*u = -4*u. Let i = u + 7. Suppose -w + 1 = i. Give t(w).
0
Let m(v) = -v**2 - 7*v - 3. Let z = -18 - -21. Suppose 0 = 2*l + z*s - 2*s + 16, -4*s + 2 = -3*l. What is m(l)?
3
Suppose 4*y - 9 = 2*p + 13, 4*y + 5*p = 57. Let x(d) = -4*d**2 + 5*d**2 - y - 2*d**2 + d. Let v(k) = -k**2 - 8*k. Let j be v(-8). What is x(j)?
-8
Let z(q) = 3*q - 3. Let d(h) = h - 2. Let f(g) = -7*d(g) + 3*z(g). Determine f(-6).
-7
Let p = -209 - -214. Let n(q) = q - 1. Let g(t) = t**3 - 4*t**2 - 6. Let d(f) = g(f) - 3*n(f). Determine d(p).
7
Let p(d) = d**2 + 7*d - 8. Let x be p(-8). Let t(z) = -5*z**2 + 3*z + 20. Let k(b) = -2*b**2 + b + 7. Let g(o) = -8*k(o) + 3*t(o). Give g(x).
4
Let y be 345/105 - (-2)/(-7). Let m(w) = 6*w**3 - 2*w**2 + 1. Let d(a) = -7*a**3 + 2*a**2 - 2. Let z(l) = -5*d(l) - 6*m(l). What is z(y)?
-5
Let o(l) = 28*l**2 + 2 - 27*l**2 + 3*l - l**3 - 1. Determine o(3).
-8
Suppose 2*y = 2*r - 20, 8*y - 5*y = 5*r - 42. Let f(g) = g**2 - 8*g - 2. Determine f(r).
-14
Let n(s) = s**3 + 5*s**2 - 8*s - 18. Let j be n(-6). Let r(x) be the third derivative of -x**5/60 - 5*x**4/24 + x**3/2 - x**2. Determine r(j).
-3
Let j(k) = -2*k - 5. Let q be 16/10*(-2)/((-20)/25). Calculate j(q).
-13
Let y(x) = x**2 - 8*x - 1. Let u(r) = -r**2 + 15*r - 7. Let j be u(14). Give y(j).
-8
Let m be (-5)/(-2)*6/5. Let g(y) = -y**3 + 4*y**2 - 2*y - 1. Determine g(m).
2
Let m = -15 + 8. Let z = 13 + m. Let s(x) = x**3 - 7*x**2 + 5*x + 7. Determine s(z).
1
Let s(x) be the third derivative of x**4/24 + x**3/3 + x**2. Suppose -5*d = -w - 81 + 20, 0 = -d + w + 13. Let a be (-58)/12 - 2/d. Give s(a).
-3
Let y(h) be the third derivative of -1/120*h**5 - 1/6*h**3 - 1/8*h**4 + 0 + 0*h + 3*h**2. Let a(x) be the first derivative of y(x). Calculate a(-2).
-1
Let a(h) = 85 - 3*h**2 - 84 + 5*h**2. Suppose -4*i = -7*i + 6. Calculate a(i).
9
Let d(z) = z - 4. Let y be d(0). Let o(i) be the third derivative of -i**4/12 - 5*i**3/6 - 2*i**2. Calculate o(y).
3
Let b(v) be the third derivative of v**4/4 + v**3/6 - 14*v**2. What is b(3)?
19
Let p(r) be the second derivative of 0 + 1/20*r**5 + 6*r + 1/12*r**4 + 1/6*r**3 + r**2. Determine p(0).
2
Let i be ((-1 - -2) + 5)*1. Suppose -3*c + 6 = r, i = r + 2*c + 1. Suppose -3*g - r - 9 = 0. Let s(b) = -b**2 - 5*b + 3. Calculate s(g).
7
Let i(u) = 1. Let a(f) = f + 8. Let s(o) = -a(o) - 4*i(o). Calculate s(-10).
-2
Let y be (2/(-4) + -1)*-2. Let b(c) = 4 + 5*c - 5*c + 0*c + 7*c**2 + c**y. Determine b(-7).
4
Let o(t) = -t. Suppose -3*u - 2*w - 5 = 0, u = -5*w - 0*w - 19. Let m = 0 - u. Let r(q) = 1. Let y(d) = m*o(d) + 4*r(d). Give y(-5).
-1
Let o be (-4)/(3 - (-2 + 4)). Let l be o/(-6) - 10/(-3). Let p(u) = u**3 - 4*u**2 + u + 4. What is p(l)?
8
Let c(o) = 4*o**2 - 10*o + 3. Suppose 0 = -a + 4 + 9. Let y(s) = 5 - s - 5*s + 7*s**2 - a*s. Let z(u) = -11*c(u) + 6*y(u). Calculate z(-2).
-3
Let u = 2 + -1. Let b be 6 + (-2 - 0/u). Let n(k) = k - 3 - 3 + b. Give n(3).
1
Let d = -14 - -24. Suppose 3*z = -15, 3*z - z = 5*q + d. Let k(b) = -68 + 0*b + 73 + b**3 + 4*b + 5*b**2. Give k(q).
5
Suppose -2*a = 3*w - 7*w + 12, -4*w + 12 = -4*a. Let k(m) = -m**2 + 4*m + 2. Calculate k(w).
5
Let d(m) = -m**3 + 6*m**2 + 6. Let i be 14/(-2)*(-12)/14. Calculate d(i).
6
Suppose 4*d = -31 + 43. Let n(w) = w**3 - 3*w**2 + 2*w - 1. Calculate n(d).
5
Suppose -6*y = -2*y - 12. Let g(i) = 3*i - 6*i**3 + y*i**3 - 3*i**2 - 3 + 2*i**3 + 1. What is g(-4)?
2
Let j(q) = 6*q**2 - q + 2. Let z(y) = -1. Let l(p) = -j(p) - 3*z(p). Let n(t) = t**2 + 18*t + 44. Let w be n(-15). Determine l(w).
-6
Let l be -1 - (1 + 4)*-1. Let v(u) = 4*u + 1. Let o(f) = -f. Let d(s) = -3*o(s) - v(s). Let h be d(l). Let j(c) = c**3 + 5*c**2 + 3*c + 6. Determine j(h).
-9
Let i(l) = l**3 + 7*l**2 + 4*l - 7. Let w be i(-6). Suppose -1 = w*a - 11. Let r(p) = 0*p**2 + p**3 + 0*p**a - 7. Calculate r(0).
-7
Let d = 1 + -1. Suppose d*s + 3 = s. Let u(l) be the first derivative of l**3/3 - 3*l**2/2 + 4*l - 3. Determine u(s).
4
Let l(n) be the first derivative of n**4/4 + 4*n**3/3 - 3*n**2 - 5*n - 5. Determine l(-5).
0
Let f(q) = -q**3 + 4*q**2 + q - 1. Let v be f(4). Let r(s) = 3 - 3 - v + 5*s. Suppose 5*k - n = -3 + 11, 0 = -5*k + 3*n + 4. What is r(k)?
7
Let n = 12 + -9. Let a(q) = q + 2. Calculate a(n).
5
Let n(d) = -4*d + 2. Let i(f) = -3*f + 1. Let q(v) = -3*i(v) + 2*n(v). Suppose 3*t - 2 = t. What is q(t)?
2
Let n(z) = -3*z + 1. Let s(x) = -x**2 - 8*x - 9. Let r be s(-7). Let w = r - -4. Give n(w).
-5
Let z be 6/21 - 132/(-28). Let u(s) = -3 - 5 + 3*s + 1. Give u(z).
8
Let k be (3/(-75))/(4/(-5)). Let j(f) be the second derivative of -2*f - 1/6*f**3 + k*f**5 + 0 - 1/12*f**4 + 7/2*f**2. Determine j(0).
7
Suppose -4*o + 21 = 5*z, -3*o - 2*z + 8 = -6*z. Let y(k) = k**2 - 4*k - 4. Determine y(o).
-4
Let i(h) be the third derivative of -h**6/40 - h**4/12 + h**3/6 + 33*h**2. What is i(1)?
-4
Suppose -2*k - 4*t - 6 = 2, -4*k = -3*t - 28. Let f(r) be the first derivative of -1/4*r**4 + k*r - 3/2*r**2 + r**3 - 2. Determine f(3).
-5
Let j(b) = -2*b + 3. Let r(v) = -v. Suppose -6*t = -t + 5. Let w(h) = t*j(h) + 4*r(h). Give w(-3).
3
Let t(v) be the third derivative of -v**6/60 - v**5/30 + v**4/24 + v**3/6 - 3*v**2 - 13. Determine t(-2).
7
Let b(k) = -7*k**3 - k**2 - 5*k - 4. Let i(v) = -5 - 7*v**3 - v**2 + 2*v + 0*v**3 - 8*v. Let d(g) = -6*b(g) + 5*i(g). Suppose 2*p = -2 - 0. What is d(p)?
-7
Let c be (12/2 - -1)*-1. Let m = c + 12. Let v(i) = 5*i**2 + 8*i - 7. Let l(a) = 6*a**2 + 8*a - 7. Let u(z) = 6*l(z) - 7*v(z). Give u(m).
-8
Let m(o) = 3*o + 3. Let q be 4/14 + 1030/70. Suppose -3*p - q = -0*p. Give m(p).
-12
Let k(m) = 4*m**3 - 2*m**2 + 6*m - 2. Let i = 1 - 6. Let t(z) = -3*z**3 + z**2 - 4*z + 1. Let o(h) = i*k(h) - 7*t(h). Give o(-4).
-5
Let m(h) be the first derivative of -h**2/2 - h + 6. What is m(3)?
-4
Let m(d) = d**2 + 3*d. Let i be m(-4). Let o be -1*i/2 - -8. Let t(y) = -y**2 + 5*y + 7. Give t(o).
1
Let h(f) = -f**2 - 6*f - 4. Let g be -2*1 - (0 - -3). Let q be g - (-2 + 2)/(-1). Calculate h(q).
1
Let x(i) = i - 1. Let n be (-4 + -1)*1/(-5). Let m be n/4 - (-21)/(-4). What is x(m)?
-6
Let r(c) be the second derivative of c**4/12 - 11*c**3/6 + 7*c**2/2 + 45*c. Calculate r(9).
-